 0. Let h(x) = -2*x. Let f be h(j). What is the remainder when 45 is divided by (f - 0)*12/(-2)?
9
Let w = 69 - 41. Suppose -2*d + 2*g + 208 = 0, -5*g - 560 = -5*d - 8*g. What is the remainder when d is divided by w?
25
Let j be (-112)/(-24)*30/7. Suppose u + j = 6*u. What is the remainder when u is divided by 3?
1
Let o(r) = 5*r - 136. What is the remainder when o(44) is divided by 3 + (9 - -2) + 3?
16
Let l = -2275 - -2563. Calculate the remainder when l is divided by 13.
2
Let f = 134 + -94. Suppose 4*q - q = c + 22, -5*q = -5*c - f. Suppose 4 = 2*w - 6. What is the remainder when q is divided by w?
2
Suppose -730 = -34*m + 460. What is the remainder when 164 is divided by m?
24
Let v = -555 + 575. What is the remainder when v is divided by 11?
9
Suppose 0 = -4*h + 21 + 67. Let g(v) = v**3 - 32*v**2 - 161*v + 624. Calculate the remainder when h is divided by g(36).
10
Calculate the remainder when 1549/10 - 6/(-300)*5 is divided by 48.
11
Let n(c) = c**2 + 9*c - 1. What is the remainder when 342 is divided by n(2)?
6
Let w(g) = 6*g + 394. Calculate the remainder when w(-43) is divided by 11.
4
Suppose -4*i - 6 = -34. Suppose i*d = 41 + 22. Let j(x) = x**2 - x + 1. What is the remainder when j(4) is divided by d?
4
Suppose 0 = -n + 270 - 139. Calculate the remainder when n is divided by 11.
10
Let n be (-11 + 2 + 3)/((-4)/26). Suppose -n = 5*u - 94. What is the remainder when 17 is divided by u?
6
Let h(t) be the third derivative of t**4/6 + t**3/2 + 13*t**2. What is the remainder when h(3) is divided by 7?
1
Let f(m) = 8*m + 16. Calculate the remainder when 191 is divided by f(4).
47
Calculate the remainder when -4 + 270 - (-12 + 5) is divided by 6.
3
Suppose p = k + 2*k - 299, -4*p = -4*k + 396. Calculate the remainder when k is divided by (-7524)/(-270) - 3/15 - (-4)/(-6).
19
Suppose 0 = -962*z + 956*z + 282. What is the remainder when 704 is divided by z?
46
Let d(n) = 2*n**2 + 19*n - 20. Calculate the remainder when 47 is divided by d(-11).
8
Calculate the remainder when ((-16)/24)/1 - (-394)/6 is divided by 6.
5
Suppose -h + 24 = 2*h - 3*v, 3*v + 14 = 2*h. Let p be 74*((-11)/(-2))/11. Suppose 23*l = 24*l - p. Calculate the remainder when l is divided by h.
7
Suppose -6 = -3*h, 8*h - 12*h - 15 = -n. Calculate the remainder when 367 is divided by n.
22
Let l = -36 - -18. Let t = l + 31. Suppose s - 3*b - 5 = 0, 115*s - b = 110*s + 39. Calculate the remainder when t is divided by s.
5
Let h(d) = d**3 + 7*d**2 + 7*d + 3. Let z be h(-6). Let v = 8 + z. Let q = 249 + -232. What is the remainder when q is divided by v?
2
Let x = -9 + -2. Let o = x + 13. Suppose -n + 3*a = -20, 0 = -o*n + 6*n - 4*a - 40. Calculate the remainder when 23 is divided by n.
3
Let b = 60 + -153. Let l = b + 114. What is the remainder when 82 is divided by l?
19
Suppose 0*l = -l + 34. Let z(s) = s + 8. Let i be z(-4). Let g = l - i. What is the remainder when g is divided by 11?
8
Let m = 26 - 33. Let p = m - -21. Calculate the remainder when p is divided by 8.
6
Suppose -4*l - 2*b = -0*b + 32, -5*l + 5*b - 55 = 0. Let w be (4/(-3))/((-2)/l). Calculate the remainder when 74/3*(-9)/w is divided by 13.
11
Let s(a) = -a**3 - 7*a**2 - 4*a - 6. Suppose -8*y + 4*y = -16. Suppose -y*r = -7*r + 18. What is the remainder when s(-7) is divided by r?
4
Suppose 0 = x - n - 3*n - 109, -5*x + 562 = -3*n. Suppose -5*t + 10*t + 3*u = x, -2*t + 4*u = -66. What is the remainder when t is divided by 13?
12
Let q(n) = -13*n + 5. Calculate the remainder when q(-10) is divided by 34.
33
Calculate the remainder when ((-4)/6)/(2/(-555)) is divided by 31.
30
Let h(t) = 15*t**2. Let z be (3/4 - 6/(-24))/(-1). Calculate the remainder when h(z) is divided by 10.
5
Suppose 4*w = 5*r - 596, 0 = 2*r - 10 + 2. Let z = 139 - w. What is the remainder when z is divided by 41?
37
Suppose -k - 19 = -b - 2*k, b - 29 = 4*k. Calculate the remainder when b is divided by 13.
8
Suppose 0 = 2*i - 90 + 26. Suppose 0*u + 2*u - i = 0. Let d(p) = -36*p + 2166. Calculate the remainder when u is divided by d(60).
4
Suppose b = 2*b - 35. Let a be b/(-20) + (-1)/4. What is the remainder when 14 is divided by 8 - (-1 + 3) - a?
6
Calculate the remainder when 370 is divided by 374/5 + (-31)/(-155).
70
Let d(l) = -l**2 + 20*l - 40. Calculate the remainder when 217 is divided by d(12).
49
Let b be ((-2)/10)/((-13)/2405). Suppose t + 0*t = 6. Let l = b + t. Calculate the remainder when l is divided by 11.
10
Calculate the remainder when 94 is divided by ((-1500)/(-9))/10*12/10.
14
Suppose 4*g - 722 = i - 0*i, 2*g - 368 = 4*i. Suppose -21*l - g = -26*l. Calculate the remainder when 142 is divided by l.
34
Suppose -66 = 17*k - 23*k. What is the remainder when 107 is divided by k?
8
Let w be (5*1)/(-4 + 9/3). Calculate the remainder when 1/3 + 70/6 is divided by (32/(-6) - w)*-24.
4
Suppose -4*y = -o + 11, y + 0 - 1 = -o. Suppose 164 = v + o*v. Calculate the remainder when v is divided by 21.
20
Let b(n) = -2*n**3 - 5*n**2 - 6*n - 10. What is the remainder when 82 is divided by b(-3)?
14
Suppose -11*z + 6*z = 160. Let x = 12 - z. Calculate the remainder when x is divided by 8.
4
Let h(t) = 3*t - 10. Let p be h(7). Let y be (-6 - 190/(-20)) + (-6)/4. Let z = p + y. What is the remainder when 37 is divided by z?
11
Suppose 5*x - 780 = -0*x - 3*z, 2*z = -4*x + 622. What is the remainder when x is divided by 14?
13
Let r(l) = -l - 24. Let f(i) = i + 23. Let b(u) = 7*f(u) + 6*r(u). Let w(x) = 19*x**2. Calculate the remainder when w(1) is divided by b(-6).
8
Suppose -5*w - 3*s + 82 = 0, 2*w = s - 4*s + 31. Suppose 0 = -9*j + 236 - 182. Calculate the remainder when w is divided by j.
5
What is the remainder when 3/18 + 1714/12 is divided by 31?
19
Suppose 5*k + 82 + 148 = 0. Let s = k - -33. Calculate the remainder when (1/(-1))/(1/s) is divided by 4.
1
Calculate the remainder when (11 - -137) + -6 + -1 is divided by 16.
13
Let o(q) = q**3 + 9*q**2 - 8*q + 4. Let r be o(-6). Suppose -w + 9*w = r. Calculate the remainder when 73 is divided by w.
13
Let j be (10/(-2))/(4/(-8)). Suppose -4*r = -j*r + 66. Let s(m) = -m**3 - 5*m**2 + 4*m - 8. Calculate the remainder when r is divided by s(-6).
3
Suppose 35*r - 24*r - 517 = 0. Calculate the remainder when 93 is divided by r.
46
Let u(w) = 7*w**3 + w**2 + 2*w - 3. Let m be u(1). Suppose 0 = m*c + 7*c - 56. What is the remainder when c is divided by 1?
0
Let q(x) = -x**3 - 11*x**2 - 11*x - 6. Let r be q(-10). Suppose -r*g - g = 0. Suppose g = -3*u + 41 + 1. What is the remainder when u is divided by 5?
4
Let a(d) = -d**3 + 10*d**2 - 14*d + 17. Let n be a(8). Calculate the remainder when (n/22)/((-2)/(-36)) is divided by 16.
11
Let j(g) = -g**3 - 30*g**2 - 31*g - 14. Let u be j(-29). What is the remainder when 63 is divided by u/8*(-2 + 4)?
8
Let v = 2133 - 2095. Let x(w) = 11*w**2 - 5*w - 3. Calculate the remainder when x(-3) is divided by v.
35
Let l = -302 - -369. Calculate the remainder when l is divided by 37.
30
Calculate the remainder when 97 is divided by (16 + -33 + 23)*17/2.
46
Let c = 1661 - 1534. What is the remainder when c is divided by 46?
35
Let z(r) be the first derivative of 12*r - 1/3*r**3 + 2 + 7*r**2. What is the remainder when z(9) is divided by 29?
28
Let n = -325 + 503. Let u(j) = 22*j**3 - 3*j**2 + 9*j - 9. Let o be u(2). Suppose -n = -3*c + o. What is the remainder when c is divided by 30?
27
Calculate the remainder when 9*12/18 - -23 is divided by 16.
13
Let i = 30 + -26. What is the remainder when -5*5/(-25) + 16*1 is divided by i?
1
Suppose -6*m = -25 - 95. Calculate the remainder when 47 is divided by m.
7
Suppose 15*n + 792 = 23*n. Let i(c) = -c**3 + 5*c**2 + 5*c. Calculate the remainder when n is divided by i(5).
24
Let j = 21 - -111. Suppose h + h - j = 0. What is the remainder when h is divided by ((-322)/42)/((-2)/6)?
20
Let s(c) = 8*c**2 + 32*c + 173. Calculate the remainder when s(-5) is divided by 18.
15
Suppose -2*u - w + 119 = 23, 3*u + 2*w - 144 = 0. Suppose -7*z = -3*z - u. Calculate the remainder when z is divided by 4.
0
Suppose -4*i + 8 = b, -3*b - 3*i = i + 8. Let u(r) = r**2 + 3*r + 1. What is the remainder when u(b) is divided by 9?
5
Suppose 4*b - 3*b - 6 = 3*o, 3*b - 32 = -5*o. Suppose 5*m + b = 54. Suppose 0 = 9*s - 1310 + 1274. What is t